[INFO] cloning repository https://github.com/ramith/baremetal
[INFO] running `Command { std: "git" "-c" "credential.helper=" "-c" "credential.helper=/workspace/cargo-home/bin/git-credential-null" "clone" "--bare" "https://github.com/ramith/baremetal" "/workspace/cache/git-repos/https%3A%2F%2Fgithub.com%2Framith%2Fbaremetal", kill_on_drop: false }`
[INFO] [stderr] Cloning into bare repository '/workspace/cache/git-repos/https%3A%2F%2Fgithub.com%2Framith%2Fbaremetal'...
[INFO] running `Command { std: "git" "rev-parse" "HEAD", kill_on_drop: false }`
[INFO] [stdout] bfce71053ca81396850782e0baef5b911f0923d7
[INFO] checking ramith/baremetal against master#af3c6e733a40e671550e0f0f5aeecaa13772ba56 for pr-74989
[INFO] running `Command { std: "git" "clone" "/workspace/cache/git-repos/https%3A%2F%2Fgithub.com%2Framith%2Fbaremetal" "/workspace/builds/worker-4/source", kill_on_drop: false }`
[INFO] [stderr] Cloning into '/workspace/builds/worker-4/source'...
[INFO] [stderr] done.
[INFO] validating manifest of git repo https://github.com/ramith/baremetal on toolchain af3c6e733a40e671550e0f0f5aeecaa13772ba56
[INFO] running `Command { std: "/workspace/cargo-home/bin/cargo" "+af3c6e733a40e671550e0f0f5aeecaa13772ba56" "read-manifest" "--manifest-path" "Cargo.toml", kill_on_drop: false }`
[INFO] started tweaking git repo https://github.com/ramith/baremetal
[INFO] finished tweaking git repo https://github.com/ramith/baremetal
[INFO] tweaked toml for git repo https://github.com/ramith/baremetal written to /workspace/builds/worker-4/source/Cargo.toml
[INFO] crate git repo https://github.com/ramith/baremetal already has a lockfile, it will not be regenerated
[INFO] running `Command { std: "/workspace/cargo-home/bin/cargo" "+af3c6e733a40e671550e0f0f5aeecaa13772ba56" "fetch" "--locked" "--manifest-path" "Cargo.toml", kill_on_drop: false }`
[INFO] [stderr]     Blocking waiting for file lock on package cache
[INFO] [stderr]     Updating crates.io index
[INFO] [stderr] error: the lock file /workspace/builds/worker-4/source/Cargo.lock needs to be updated but --locked was passed to prevent this
[INFO] [stderr] If you want to try to generate the lock file without accessing the network, use the --offline flag.
[INFO] the lockfile is outdated, regenerating it
[INFO] running `Command { std: "/workspace/cargo-home/bin/cargo" "+af3c6e733a40e671550e0f0f5aeecaa13772ba56" "generate-lockfile" "--manifest-path" "Cargo.toml" "-Zno-index-update", kill_on_drop: false }`
[INFO] running `Command { std: "/workspace/cargo-home/bin/cargo" "+af3c6e733a40e671550e0f0f5aeecaa13772ba56" "fetch" "--locked" "--manifest-path" "Cargo.toml", kill_on_drop: false }`
[INFO] running `Command { std: "docker" "create" "-v" "/var/lib/crater-agent-workspace/builds/worker-4/target:/opt/rustwide/target:rw,Z" "-v" "/var/lib/crater-agent-workspace/builds/worker-4/source:/opt/rustwide/workdir:ro,Z" "-v" "/var/lib/crater-agent-workspace/cargo-home:/opt/rustwide/cargo-home:ro,Z" "-v" "/var/lib/crater-agent-workspace/rustup-home:/opt/rustwide/rustup-home:ro,Z" "-e" "SOURCE_DIR=/opt/rustwide/workdir" "-e" "CARGO_TARGET_DIR=/opt/rustwide/target" "-e" "CARGO_HOME=/opt/rustwide/cargo-home" "-e" "RUSTUP_HOME=/opt/rustwide/rustup-home" "-w" "/opt/rustwide/workdir" "-m" "1610612736" "--user" "0:0" "--network" "none" "rustops/crates-build-env@sha256:d92eaeed33fa75130ca1ee6c8a01d1ffb62bac859dfdfb3450e3e5d1c0146529" "/opt/rustwide/cargo-home/bin/cargo" "+af3c6e733a40e671550e0f0f5aeecaa13772ba56" "metadata" "--no-deps" "--format-version=1", kill_on_drop: false }`
[INFO] [stdout] 0c6ca9919adccb996c9eaa9364f336ec41f51212e9a7f79f4286f9262097b7f7
[INFO] [stderr] WARNING: Your kernel does not support swap limit capabilities or the cgroup is not mounted. Memory limited without swap.
[INFO] running `Command { std: "docker" "start" "-a" "0c6ca9919adccb996c9eaa9364f336ec41f51212e9a7f79f4286f9262097b7f7", kill_on_drop: false }`
[INFO] running `Command { std: "docker" "inspect" "0c6ca9919adccb996c9eaa9364f336ec41f51212e9a7f79f4286f9262097b7f7", kill_on_drop: false }`
[INFO] running `Command { std: "docker" "rm" "-f" "0c6ca9919adccb996c9eaa9364f336ec41f51212e9a7f79f4286f9262097b7f7", kill_on_drop: false }`
[INFO] [stdout] 0c6ca9919adccb996c9eaa9364f336ec41f51212e9a7f79f4286f9262097b7f7
[INFO] running `Command { std: "docker" "create" "-v" "/var/lib/crater-agent-workspace/builds/worker-4/target:/opt/rustwide/target:rw,Z" "-v" "/var/lib/crater-agent-workspace/builds/worker-4/source:/opt/rustwide/workdir:ro,Z" "-v" "/var/lib/crater-agent-workspace/cargo-home:/opt/rustwide/cargo-home:ro,Z" "-v" "/var/lib/crater-agent-workspace/rustup-home:/opt/rustwide/rustup-home:ro,Z" "-e" "SOURCE_DIR=/opt/rustwide/workdir" "-e" "CARGO_TARGET_DIR=/opt/rustwide/target" "-e" "CARGO_INCREMENTAL=0" "-e" "RUST_BACKTRACE=full" "-e" "RUSTFLAGS=--cap-lints=forbid" "-e" "CARGO_HOME=/opt/rustwide/cargo-home" "-e" "RUSTUP_HOME=/opt/rustwide/rustup-home" "-w" "/opt/rustwide/workdir" "-m" "1610612736" "--user" "0:0" "--network" "none" "rustops/crates-build-env@sha256:d92eaeed33fa75130ca1ee6c8a01d1ffb62bac859dfdfb3450e3e5d1c0146529" "/opt/rustwide/cargo-home/bin/cargo" "+af3c6e733a40e671550e0f0f5aeecaa13772ba56" "check" "--frozen" "--all" "--all-targets" "--message-format=json", kill_on_drop: false }`
[INFO] [stdout] 2bf05877ea30d69529f711e2a1e37ec850ab209a3d8706feffb7f015d85acd1b
[INFO] [stderr] WARNING: Your kernel does not support swap limit capabilities or the cgroup is not mounted. Memory limited without swap.
[INFO] running `Command { std: "docker" "start" "-a" "2bf05877ea30d69529f711e2a1e37ec850ab209a3d8706feffb7f015d85acd1b", kill_on_drop: false }`
[INFO] [stderr]     Blocking waiting for file lock on package cache
[INFO] [stderr]    Compiling autocfg v1.0.1
[INFO] [stderr]    Compiling byteorder v1.3.4
[INFO] [stderr]     Checking futures v0.1.29
[INFO] [stderr]    Compiling semver-parser v0.7.0
[INFO] [stderr]    Compiling memchr v2.3.3
[INFO] [stderr]    Compiling proc-macro2 v1.0.21
[INFO] [stderr]    Compiling unicode-xid v0.2.1
[INFO] [stderr]    Compiling syn v1.0.41
[INFO] [stderr]    Compiling maybe-uninit v2.0.0
[INFO] [stderr]     Checking fnv v1.0.7
[INFO] [stderr]    Compiling autocfg v0.1.7
[INFO] [stderr]     Checking scopeguard v1.1.0
[INFO] [stderr]    Compiling proc-macro2 v0.4.30
[INFO] [stderr]    Compiling unicode-xid v0.1.0
[INFO] [stderr]     Checking rand_core v0.4.2
[INFO] [stderr]    Compiling syn v0.15.44
[INFO] [stderr]    Compiling cc v1.0.59
[INFO] [stderr]    Compiling getrandom v0.1.15
[INFO] [stderr]     Checking tinyvec v0.3.4
[INFO] [stderr]    Compiling failure_derive v0.1.8
[INFO] [stderr]     Checking gimli v0.22.0
[INFO] [stderr]    Compiling serde_derive v1.0.116
[INFO] [stderr]     Checking adler v0.2.3
[INFO] [stderr]     Checking object v0.20.0
[INFO] [stderr]     Checking rustc-demangle v0.1.16
[INFO] [stderr]    Compiling cfg-if v0.1.10
[INFO] [stderr]     Checking quick-error v1.2.3
[INFO] [stderr]    Compiling serde v1.0.116
[INFO] [stderr]     Checking copyless v0.1.5
[INFO] [stderr]     Checking match_cfg v0.1.0
[INFO] [stderr]     Checking percent-encoding v1.0.1
[INFO] [stderr]    Compiling version_check v0.9.2
[INFO] [stderr]     Checking linked-hash-map v0.5.3
[INFO] [stderr]    Compiling ryu v1.0.5
[INFO] [stderr]     Checking regex-syntax v0.6.18
[INFO] [stderr]    Compiling serde_json v1.0.57
[INFO] [stderr]    Compiling version_check v0.1.5
[INFO] [stderr]    Compiling encoding_rs v0.8.24
[INFO] [stderr]     Checking ppv-lite86 v0.2.9
[INFO] [stderr]     Checking hashbrown v0.9.0
[INFO] [stderr]    Compiling bitflags v1.2.1
[INFO] [stderr]     Checking either v1.6.0
[INFO] [stderr]     Checking dtoa v0.4.6
[INFO] [stderr]     Checking untrusted v0.6.2
[INFO] [stderr]     Checking language-tags v0.2.2
[INFO] [stderr]    Compiling v_htmlescape v0.4.5
[INFO] [stderr]     Checking termcolor v1.1.0
[INFO] [stderr]     Checking hashbrown v0.3.1
[INFO] [stderr]     Checking thread_local v1.0.1
[INFO] [stderr]     Checking lock_api v0.3.4
[INFO] [stderr]     Checking rand_core v0.3.1
[INFO] [stderr]     Checking rand_jitter v0.1.4
[INFO] [stderr]    Compiling semver v0.9.0
[INFO] [stderr]     Checking unicode-normalization v0.1.13
[INFO] [stderr]    Compiling rand_chacha v0.1.1
[INFO] [stderr]    Compiling rand_pcg v0.1.2
[INFO] [stderr]    Compiling rand v0.6.5
[INFO] [stderr]    Compiling hashbrown v0.6.3
[INFO] [stderr]     Checking humantime v1.3.0
[INFO] [stderr]    Compiling crossbeam-utils v0.7.2
[INFO] [stderr]    Compiling miniz_oxide v0.4.2
[INFO] [stderr]    Compiling num-traits v0.2.12
[INFO] [stderr]    Compiling indexmap v1.6.0
[INFO] [stderr]    Compiling num-integer v0.1.43
[INFO] [stderr]     Checking lru-cache v0.1.2
[INFO] [stderr]     Checking log v0.4.11
[INFO] [stderr]    Compiling nom v4.2.3
[INFO] [stderr]     Checking rand_isaac v0.1.1
[INFO] [stderr]     Checking rand_xorshift v0.1.1
[INFO] [stderr]     Checking rand_hc v0.1.0
[INFO] [stderr]    Compiling unicase v2.6.0
[INFO] [stderr]     Checking crc32fast v1.2.0
[INFO] [stderr]     Checking tokio-sync v0.1.8
[INFO] [stderr]     Checking actix-service v0.4.2
[INFO] [stderr]    Compiling rustc_version v0.2.3
[INFO] [stderr]     Checking iovec v0.1.4
[INFO] [stderr]     Checking net2 v0.2.35
[INFO] [stderr]     Checking rand_os v0.1.3
[INFO] [stderr]     Checking socket2 v0.3.15
[INFO] [stderr]     Checking hostname v0.3.1
[INFO] [stderr]     Checking signal-hook-registry v1.2.1
[INFO] [stderr]     Checking smallvec v0.6.13
[INFO] [stderr]    Compiling aho-corasick v0.7.13
[INFO] [stderr]     Checking base64 v0.10.1
[INFO] [stderr]     Checking threadpool v1.8.1
[INFO] [stderr]     Checking bytes v0.4.12
[INFO] [stderr]    Compiling brotli-sys v0.3.2
[INFO] [stderr]    Compiling miniz-sys v0.1.12
[INFO] [stderr]    Compiling ring v0.14.6
[INFO] [stderr]     Checking mio v0.6.22
[INFO] [stderr]     Checking resolv-conf v0.6.3
[INFO] [stderr]    Compiling quote v0.6.13
[INFO] [stderr]     Checking rand_core v0.5.1
[INFO] [stderr]     Checking idna v0.1.5
[INFO] [stderr]     Checking idna v0.2.0
[INFO] [stderr]    Compiling quote v1.0.7
[INFO] [stderr]    Compiling parking_lot_core v0.6.2
[INFO] [stderr]    Compiling parking_lot v0.9.0
[INFO] [stderr]    Compiling const-random-macro v0.1.8
[INFO] [stderr]     Checking addr2line v0.13.0
[INFO] [stderr]     Checking tokio-io v0.1.13
[INFO] [stderr]     Checking http v0.1.21
[INFO] [stderr]     Checking string v0.2.1
[INFO] [stderr]     Checking rand_chacha v0.2.2
[INFO] [stderr]    Compiling regex v1.3.9
[INFO] [stderr]     Checking url v1.7.2
[INFO] [stderr]     Checking mio-uds v0.6.8
[INFO] [stderr]     Checking url v2.1.1
[INFO] [stderr]     Checking tokio-executor v0.1.10
[INFO] [stderr]    Compiling mime_guess v2.0.3
[INFO] [stderr]     Checking rand v0.7.3
[INFO] [stderr]     Checking tokio-codec v0.1.2
[INFO] [stderr]     Checking const-random v0.1.8
[INFO] [stderr]     Checking backtrace v0.3.50
[INFO] [stderr]     Checking tokio-timer v0.2.13
[INFO] [stderr]     Checking tokio-current-thread v0.1.7
[INFO] [stderr]     Checking flate2 v1.0.17
[INFO] [stderr]     Checking actix-codec v0.1.2
[INFO] [stderr]     Checking chrono v0.4.15
[INFO] [stderr]     Checking ahash v0.2.18
[INFO] [stderr]     Checking actix-utils v0.4.7
[INFO] [stderr]     Checking env_logger v0.6.2
[INFO] [stderr]     Checking tokio-reactor v0.1.12
[INFO] [stderr]     Checking h2 v0.1.26
[INFO] [stderr]     Checking tokio-tcp v0.1.4
[INFO] [stderr]     Checking tokio-udp v0.1.6
[INFO] [stderr]     Checking tokio-signal v0.2.9
[INFO] [stderr]     Checking actix-server-config v0.1.2
[INFO] [stderr]     Checking brotli2 v0.3.2
[INFO] [stderr]    Compiling derive_more v0.15.0
[INFO] [stderr]    Compiling enum-as-inner v0.2.1
[INFO] [stderr]    Compiling derive_more v0.14.1
[INFO] [stderr]    Compiling synstructure v0.12.4
[INFO] [stderr]    Compiling actix-web-codegen v0.1.3
[INFO] [stderr]    Compiling v_escape_derive v0.5.6
[INFO] [stderr]     Checking actix-threadpool v0.1.2
[INFO] [stderr]     Checking actix-rt v0.2.6
[INFO] [stderr]     Checking failure v0.1.8
[INFO] [stderr]     Checking actix-server v0.6.1
[INFO] [stderr]     Checking trust-dns-proto v0.7.4
[INFO] [stderr]     Checking v_escape v0.7.4
[INFO] [stderr]     Checking actix-testing v0.1.0
[INFO] [stderr]     Checking trust-dns-resolver v0.11.1
[INFO] [stderr]     Checking actix-connect v0.2.5
[INFO] [stderr]     Checking serde_urlencoded v0.6.1
[INFO] [stderr]     Checking actix-router v0.1.5
[INFO] [stderr]     Checking actix-http v0.2.11
[INFO] [stderr]     Checking awc v0.2.8
[INFO] [stderr]     Checking actix-web v1.0.9
[INFO] [stderr]     Checking actix-files v0.1.7
[INFO] [stderr]     Checking actix-session v0.1.1
[INFO] [stderr]     Checking baremetal v0.1.0 (/opt/rustwide/workdir)
[INFO] [stdout] error: couldn't read src/../static/welcome.html: No such file or directory (os error 2)
[INFO] [stdout]   --> src/main.rs:41:15
[INFO] [stdout]    |
[INFO] [stdout] 41 |         .body(include_str!("../static/welcome.html")))
[INFO] [stdout]    |               ^^^^^^^^^^^^^^^^^^^^^^^^^^^^^^^^^^^^^^
[INFO] [stdout]    |
[INFO] [stdout]    = note: this error originates in a macro (in Nightly builds, run with -Z macro-backtrace for more info)
[INFO] [stdout] 
[INFO] [stdout] 
[INFO] [stdout] error[E0432]: unresolved import `actix_files`
[INFO] [stdout]  --> src/main.rs:6:5
[INFO] [stdout]   |
[INFO] [stdout] 6 | use actix_files as fs;
[INFO] [stdout]   |     ^^^^^^^^^^^^^^^^^ no `actix_files` in the root
[INFO] [stdout] 
[INFO] [stdout] 
[INFO] [stdout] error[E0432]: unresolved import `actix_session`
[INFO] [stdout]  --> src/main.rs:7:5
[INFO] [stdout]   |
[INFO] [stdout] 7 | use actix_session::{CookieSession, Session};
[INFO] [stdout]   |     ^^^^^^^^^^^^^ maybe a missing crate `actix_session`?
[INFO] [stdout] 
[INFO] [stdout] 
[INFO] [stdout] error[E0433]: failed to resolve: maybe a missing crate `futures`?
[INFO] [stdout]   --> src/main.rs:14:5
[INFO] [stdout]    |
[INFO] [stdout] 14 | use futures::unsync::mpsc;
[INFO] [stdout]    |     ^^^^^^^ maybe a missing crate `futures`?
[INFO] [stdout] 
[INFO] [stdout] 
[INFO] [stdout] error[E0433]: failed to resolve: maybe a missing crate `futures`?
[INFO] [stdout]   --> src/main.rs:15:5
[INFO] [stdout]    |
[INFO] [stdout] 15 | use futures::{future::ok, Future, Stream};
[INFO] [stdout]    |     ^^^^^^^ maybe a missing crate `futures`?
[INFO] [stdout] 
[INFO] [stdout] 
[INFO] [stdout] error[E0432]: unresolved import `bytes`
[INFO] [stdout]   --> src/main.rs:13:5
[INFO] [stdout]    |
[INFO] [stdout] 13 | use bytes::Bytes;
[INFO] [stdout]    |     ^^^^^ maybe a missing crate `bytes`?
[INFO] [stdout] 
[INFO] [stdout] 
[INFO] [stdout] error[E0432]: unresolved import `futures`
[INFO] [stdout]   --> src/main.rs:15:5
[INFO] [stdout]    |
[INFO] [stdout] 15 | use futures::{future::ok, Future, Stream};
[INFO] [stdout]    |     ^^^^^^^ maybe a missing crate `futures`?
[INFO] [stdout] 
[INFO] [stdout] 
[INFO] [stdout] error: couldn't read src/../static/welcome.html: No such file or directory (os error 2)
[INFO] [stdout]   --> src/main.rs:41:15
[INFO] [stdout]    |
[INFO] [stdout] 41 |         .body(include_str!("../static/welcome.html")))
[INFO] [stdout]    |               ^^^^^^^^^^^^^^^^^^^^^^^^^^^^^^^^^^^^^^
[INFO] [stdout]    |
[INFO] [stdout]    = note: this error originates in a macro (in Nightly builds, run with -Z macro-backtrace for more info)
[INFO] [stdout] 
[INFO] [stdout] 
[INFO] [stdout] error[E0433]: failed to resolve: use of undeclared type or module `mpsc`
[INFO] [stdout]   --> src/main.rs:62:25
[INFO] [stdout]    |
[INFO] [stdout] 62 |     let (tx, rx_body) = mpsc::unbounded();
[INFO] [stdout]    |                         ^^^^ use of undeclared type or module `mpsc`
[INFO] [stdout] 
[INFO] [stdout] 
[INFO] [stdout] error[E0425]: cannot find function `ok` in this scope
[INFO] [stdout]    --> src/main.rs:53:5
[INFO] [stdout]     |
[INFO] [stdout] 53  |     ok(HttpResponse::Ok()
[INFO] [stdout]     |     ^^
[INFO] [stdout]     |
[INFO] [stdout] help: a tuple variant with a similar name exists
[INFO] [stdout]     |
[INFO] [stdout] 53  |     Ok(HttpResponse::Ok()
[INFO] [stdout]     |     ^^
[INFO] [stdout] help: consider importing this function
[INFO] [stdout]     |
[INFO] [stdout] 4   | use middleware::normalize::future::ok;
[INFO] [stdout]     |
[INFO] [stdout] 
[INFO] [stdout] 
[INFO] [stdout] error[E0432]: unresolved import `actix_files`
[INFO] [stdout]  --> src/main.rs:6:5
[INFO] [stdout]   |
[INFO] [stdout] 6 | use actix_files as fs;
[INFO] [stdout]   |     ^^^^^^^^^^^^^^^^^ no `actix_files` in the root
[INFO] [stdout] 
[INFO] [stdout] 
[INFO] [stdout] error: aborting due to 9 previous errors
[INFO] [stdout] 
[INFO] [stdout] 
[INFO] [stdout] Some errors have detailed explanations: E0425, E0432, E0433.
[INFO] [stdout] 
[INFO] [stdout] For more information about an error, try `rustc --explain E0425`.
[INFO] [stdout] 
[INFO] [stdout] error[E0432]: unresolved import `actix_session`
[INFO] [stdout]  --> src/main.rs:7:5
[INFO] [stdout]   |
[INFO] [stdout] 7 | use actix_session::{CookieSession, Session};
[INFO] [stdout]   |     ^^^^^^^^^^^^^ maybe a missing crate `actix_session`?
[INFO] [stdout] 
[INFO] [stdout] 
[INFO] [stdout] error[E0433]: failed to resolve: maybe a missing crate `futures`?
[INFO] [stdout]   --> src/main.rs:14:5
[INFO] [stdout]    |
[INFO] [stdout] 14 | use futures::unsync::mpsc;
[INFO] [stdout]    |     ^^^^^^^ maybe a missing crate `futures`?
[INFO] [stdout] 
[INFO] [stdout] 
[INFO] [stderr] error: could not compile `baremetal`.
[INFO] [stdout] error[E0433]: failed to resolve: maybe a missing crate `futures`?
[INFO] [stdout]   --> src/main.rs:15:5
[INFO] [stdout]    |
[INFO] [stdout] 15 | use futures::{future::ok, Future, Stream};
[INFO] [stdout]    |     ^^^^^^^ maybe a missing crate `futures`?
[INFO] [stdout] 
[INFO] [stdout] 
[INFO] [stderr] 
[INFO] [stdout] error[E0432]: unresolved import `bytes`
[INFO] [stdout]   --> src/main.rs:13:5
[INFO] [stdout]    |
[INFO] [stdout] 13 | use bytes::Bytes;
[INFO] [stdout]    |     ^^^^^ maybe a missing crate `bytes`?
[INFO] [stdout] 
[INFO] [stdout] 
[INFO] [stderr] To learn more, run the command again with --verbose.
[INFO] [stdout] error[E0432]: unresolved import `futures`
[INFO] [stdout]   --> src/main.rs:15:5
[INFO] [stdout]    |
[INFO] [stdout] 15 | use futures::{future::ok, Future, Stream};
[INFO] [stdout]    |     ^^^^^^^ maybe a missing crate `futures`?
[INFO] [stdout] 
[INFO] [stdout] 
[INFO] [stderr] warning: build failed, waiting for other jobs to finish...
[INFO] [stdout] error[E0433]: failed to resolve: use of undeclared type or module `mpsc`
[INFO] [stdout]   --> src/main.rs:62:25
[INFO] [stdout]    |
[INFO] [stdout] 62 |     let (tx, rx_body) = mpsc::unbounded();
[INFO] [stdout]    |                         ^^^^ use of undeclared type or module `mpsc`
[INFO] [stdout] 
[INFO] [stdout] 
[INFO] [stdout] error[E0425]: cannot find function `ok` in this scope
[INFO] [stdout]    --> src/main.rs:53:5
[INFO] [stdout]     |
[INFO] [stdout] 53  |     ok(HttpResponse::Ok()
[INFO] [stdout]     |     ^^
[INFO] [stdout]     |
[INFO] [stdout] help: a tuple variant with a similar name exists
[INFO] [stdout]     |
[INFO] [stdout] 53  |     Ok(HttpResponse::Ok()
[INFO] [stdout]     |     ^^
[INFO] [stdout] help: consider importing this function
[INFO] [stdout]     |
[INFO] [stdout] 4   | use middleware::normalize::future::ok;
[INFO] [stdout]     |
[INFO] [stdout] 
[INFO] [stdout] 
[INFO] [stdout] error: aborting due to 9 previous errors
[INFO] [stdout] 
[INFO] [stdout] 
[INFO] [stdout] Some errors have detailed explanations: E0425, E0432, E0433.
[INFO] [stdout] 
[INFO] [stdout] For more information about an error, try `rustc --explain E0425`.
[INFO] [stdout] 
[INFO] [stderr] error: build failed
[INFO] running `Command { std: "docker" "inspect" "2bf05877ea30d69529f711e2a1e37ec850ab209a3d8706feffb7f015d85acd1b", kill_on_drop: false }`
[INFO] running `Command { std: "docker" "rm" "-f" "2bf05877ea30d69529f711e2a1e37ec850ab209a3d8706feffb7f015d85acd1b", kill_on_drop: false }`
[INFO] [stdout] 2bf05877ea30d69529f711e2a1e37ec850ab209a3d8706feffb7f015d85acd1b
